omposite?
True
Is (-3)/(-27) + 151484/36 + 5 a composite number?
True
Suppose 474 = -4*r + 7*r. Is r a composite number?
True
Let a(o) = -o**3 - 3*o**2 + 2*o + 4. Let l be a(-3). Is ((-9)/18)/(l/92) composite?
False
Suppose c - 89 = -n + 6*c, 0 = -3*c - 9. Is n a prime number?
False
Let m(g) = 33*g + 8. Let h be m(-4). Is (h/8)/((-1)/6) prime?
False
Let x be 1 - (-1*2)/(-2). Suppose -3*b + 0*b = x. Suppose b = -4*m - 0*m + 152. Is m a prime number?
False
Let k = 22 + 112. Is k a composite number?
True
Suppose 229 = 4*q + w, -q - 7*w + 43 = -2*w. Is q prime?
False
Let a be ((-21)/(-6) - 2)*274. Let t = 661 - a. Let g = -157 + t. Is g composite?
True
Let w = -124 + 431. Is w a composite number?
False
Suppose 1044 = 4*g - 4*d, -d - 1 = -5. Is g prime?
False
Let j(i) = 2*i + i - 5 - 4 + i**2 - 9*i. Is j(8) a prime number?
True
Suppose -6*p + 933 + 6225 = 0. Is p a prime number?
True
Suppose -2*z - 5000 = 2*z. Is z/(-14) - 2/7 prime?
True
Let w = 7 + -4. Let x(u) = 155*u**2 + 3*u - u - w*u - 1. Is x(-1) a prime number?
False
Let z = -11 + -8. Let n = -117 + 227. Let f = z + n. Is f prime?
False
Suppose 2 - 5 = -n. Let a(z) = -5*z - 4. Let y(c) = -c**2 + 14*c + 11. Let w(f) = -11*a(f) - 4*y(f). Is w(n) prime?
False
Suppose 0 = -4*g + 1666 + 9230. Let u be g/9 + 2/6. Suppose -4*j + 389 = 5*d, -2*d + 6*d - 5*j = u. Is d composite?
True
Let r = 1 - -4. Suppose 0 = -5*s + 5 + r. Is ((-1)/(s/(-452)))/2 prime?
True
Is -3*5/30*-2818 prime?
True
Let u be (-1)/(1/(-7 - 2)). Let o(q) = 7*q - 20. Let a(t) = -3*t + 10. Let w(d) = 9*a(d) + 4*o(d). Is w(u) composite?
False
Let m(k) = 23*k**3 - 3*k**2 + 4*k - 3. Let g be m(2). Suppose -118 = -2*n + o, -3*n + o = 4*o - g. Is n a composite number?
False
Let h(f) = f**2 - f + 48. Let s be h(0). Suppose s = 2*d - 36. Is (1 - 3)*d/(-4) a prime number?
False
Let x(p) be the second derivative of -43*p**3/6 - 2*p**2 - 3*p. Let s(f) = -2*f + 1. Let m be s(3). Is x(m) a composite number?
False
Let i = 1545 - 892. Is i a prime number?
True
Let l = -1613 + 552. Let x = 1780 + l. Is x prime?
True
Let m be (1/1)/((-5)/(-10)). Is m + 20 + -2 + 2 prime?
False
Let p(m) = m**2 - 6*m + 5. Let j be p(5). Suppose j = x, -2*u - u + x = -27. Is -3*6/u + 27 composite?
True
Suppose -2*z + 98 = -46. Let j be (20/(-25))/(1/(-5)). Is j/(-18) - (-6280)/z prime?
False
Let q = -50 + 103. Is q a prime number?
True
Let d(p) = -16*p**3 + 2*p**2 - p - 2. Is d(-3) a prime number?
False
Let u = 794 + -423. Is u a prime number?
False
Suppose f - 233 = 536. Is f prime?
True
Let i be 1/(-3) + 48/9. Suppose a = -3*l + 5, a - i*l + 0 + 3 = 0. Suppose 22 = a*w - 52. Is w a prime number?
True
Suppose -q + 0*q + 111 = 0. Is q a composite number?
True
Let g(f) = f**3 + 9*f**2 - f - 5. Let m be g(-9). Suppose 4 = m*z - 2*z. Suppose -69 = -y - 2*v, z*y + v + 9 = 144. Is y prime?
True
Suppose -4*p + 9 + 7 = 0, 2*v = p. Let r(c) = -234*c + 66. Let b(k) = 18*k - 5. Let j(f) = 27*b(f) + 2*r(f). Is j(v) a composite number?
True
Let x = -35 + 49. Suppose -x = -c - c. Suppose 0*g - c = -g. Is g prime?
True
Let s(q) = q**3 + 3*q**2 + 2*q. Let y be s(-2). Suppose -5*b + y*b + 5*z = -190, z - 36 = -b. Is b a composite number?
False
Let j(x) = -x**3 - 9*x**2 - x + 5. Let d be j(-7). Let n = d + 143. Is n prime?
False
Let k = 829 - 503. Is -2*(-3)/12*k a prime number?
True
Let p be (-3042)/(-30) + 3/5. Is 1/((-2)/p*-1) a composite number?
True
Let x(m) = m**2 - m - 3. Let b be x(3). Let i(h) = 7 - h + b*h + 0*h. Is i(6) a composite number?
False
Suppose 2*l = -4*m - 20, m + 37 + 3 = -4*l. Let q be (l/(-25))/((-1)/(-5)). Suppose -2*d = 0, -387 = -3*p + q*d + 186. Is p a composite number?
False
Let d(j) = -4*j + 6 + 3*j - j - 2. Suppose -k - 12 = 3*k. Is d(k) a composite number?
True
Let m be (-155)/(-1)*(-2)/5. Suppose -j + u + 18 = -6*j, 2 = -2*j - 3*u. Is (m/3)/(j/6) prime?
True
Suppose 0 = x - 0*x - 21. Let u = -11 + 1. Let l = x + u. Is l prime?
True
Let n = 8 + 2. Suppose 3*k = n + 11. Is k a composite number?
False
Suppose -h - 2*m + 883 = -6*m, m = 4*h - 3547. Is h a composite number?
False
Let j = 4 + -1. Suppose -5*c = j*l + 43, -4*l - l = -4*c + 10. Is 14 - 2 - (l + 4) composite?
True
Let u(t) = 21*t**3 - t**2 - t - 1. Let q be u(3). Suppose 3*x - q + 65 = 0. Is x prime?
True
Let c be (520/(-15))/((-6)/63). Suppose -9*t + c = -5*t. Is t composite?
True
Let p(x) = x - 4. Let v be p(-5). Let d be (-6)/v + 7/3. Suppose -5*n - 2*w + 5 = -19, d*n - 4*w - 4 = 0. Is n composite?
True
Suppose d + 2*a = 13, -5*d + 4*a - 1 - 4 = 0. Let v(h) = -2 + 8*h**3 - 6 - 3*h**2 + 4. Is v(d) composite?
True
Let w(k) = 3*k**2 + 9*k + 3. Is w(-4) a composite number?
True
Let m = 950 - 616. Let u = 109 + m. Is u a composite number?
False
Suppose 3*k - 6 - 6 = 0. Suppose 5*x - 69 = -s - 10, 0 = k*s + x - 236. Is s prime?
True
Is -2 + (-3848 - -4)/(-4) composite?
True
Let u be 18/24 - (-2)/8. Let h = 212 - u. Is h a prime number?
True
Let v(a) be the second derivative of -a**8/3360 - a**7/630 - a**6/360 - a**5/40 - a**4/6 - 2*a. Let l(m) be the third derivative of v(m). Is l(-4) composite?
True
Let m(h) = -h**2 + 2*h - 10. Let g be m(0). Is (1005/(-6))/(5/g) a prime number?
False
Let h = -87 - -131. Suppose 5*w = w + h. Is w composite?
False
Suppose -2*t + 15 = 3*t. Suppose v - t*v = 0. Let i(s) = -s**2 + s + 49. Is i(v) prime?
False
Let s(y) = -y + 157. Suppose -5*t - 20 = 0, -5*l + 41 = t - 5*t. Suppose -4 = 2*a, -l*o - a - 2 = -0. Is s(o) a composite number?
False
Let t(f) = -195*f + 2. Suppose -y - 8 = 5*v, 5*y + 5*v = -0*y - 20. Is t(y) prime?
True
Is ((-1948)/6)/((-26)/39) composite?
False
Let i be 2 + 3/(-1) - -6. Let q = i + 26. Is q composite?
False
Let v(b) be the first derivative of -b**6/120 + b**5/60 + b**4/6 - b**3/6 + b**2/2 + 2. Let r(w) be the second derivative of v(w). Is r(-3) a composite number?
False
Suppose 0 = -2*y - 3*i + 309 + 482, 397 = y + 2*i. Is y a prime number?
False
Let t = 356 + -189. Is t a prime number?
True
Suppose 3*z = z. Suppose 5*r - 772 - 163 = z. Is r a prime number?
False
Suppose -11 = 4*s - 3. Let f be ((-12)/(-15))/(s/(-5)). Suppose f*t - 8 = 20. Is t a prime number?
False
Let z be (4 + -1)/(3 - 2). Suppose z*p - 5*x = p + 195, -2*p + 3*x = -193. Is p a prime number?
False
Suppose 16 = 2*d + 2*d. Let z = d + -1. Suppose 0 = -2*p + 5*j - 3 + 131, -5*p - z*j + 289 = 0. Is p composite?
False
Suppose -s - 161 = 5*f + 215, 0 = 5*s - 3*f + 1964. Let x = -206 - s. Is x prime?
False
Let i(y) = -y**3 + 2*y**2 - 6*y + 3. Let a be i(6). Let r be 1 - (2*4 - 1). Is a/2*r/9 a prime number?
True
Let u(n) = 44*n**2 + n - 3. Let r be u(3). Suppose 0 = 3*p - 4*o - 1338, o - r = -p + 57. Let y = p + -157. Is y a composite number?
False
Let q(t) = -t**3 + t**2 + t + 1. Let b be q(-1). Suppose -5*z - 5*o + 350 = 0, b*z - 2*o + 75 = 3*z. Is z a composite number?
True
Let z(i) = i**3 + 9*i**2 - i - 12. Is z(9) prime?
False
Suppose m + 4*m = 0. Let r(d) = -5*d - 4*d + m - d**2 - 1. Is r(-8) composite?
False
Suppose -3*q - 5*a = 569, -5*q + 2*a - 975 = 5*a. Let s = q + 281. Is s a prime number?
True
Suppose 0 = -g + 311 - 100. Let q = g + 0. Is q a prime number?
True
Suppose 2*w - 119 = -2*s + 5*w, -2*w - 124 = -2*s. Is s composite?
False
Let a be (-2344)/(-6)*(10 + -7). Suppose a = -w + 5*w. Is w a prime number?
True
Suppose -f - 5*r = -2*r - 28, -r + 52 = 3*f. Suppose 12*u + 60 = f*u. Is u a prime number?
False
Let z = 12 + -8. Let j(b) = b**2 + 33. Let s be j(0). Let w = z + s. Is w prime?
True
Suppose 2*n + 3*n + k - 4435 = 0, -2*n + 2*k = -1774. Is n a composite number?
False
Suppose 4*m + 3*k + k = 1020, m = 2*k + 267. Is m a composite number?
True
Let r(a) be the third derivative of 11*a**5/60 - a**4/12 + a**2. Let t be r(-3). Suppose w + t = 4*w. Is w prime?
False
Let s be (-40)/140 - 16/(-7). Is 897/s - 6/(-12) prime?
True
Suppose -2*n - 4*m - 96 = -1098, -2*n + 3*m + 988 = 0. Let b = n - 294. Let g = b + -134. Is g prime?
False
Let k(d) = -d + 163. Let a(s) = 1. Let f(b) = -4*a(b) + k(b). Let c be f(0). Suppose -x - 2*x + c = 0. Is x prime?
True
Suppose -3*g - 305 = 2*g. Let q = g - -91. Let k = 51 - q. Is k a prime number?
False
Let r(o) = -o**3 + 16*o**2 - 17*o - 11. Is r(14) prime?
False
Suppose -k = -0*k - 2. Let b(v) = 3 + 2*v**2 - 3*v**k + 3*v + 0. I